{"id":892,"date":"2018-05-31T20:14:03","date_gmt":"2018-05-31T18:14:03","guid":{"rendered":"https:\/\/e-ssc.pl\/?page_id=892"},"modified":"2024-10-30T22:21:41","modified_gmt":"2024-10-30T20:21:41","slug":"dane-osobowe","status":"publish","type":"page","link":"https:\/\/e-ssc.pl\/?page_id=892","title":{"rendered":"RODO"},"content":{"rendered":"<div class=\"post-content\"><h3><strong>INFORMACJA O PRZETWARZANIU DANYCH OSOBOWYCH<\/strong><\/h3>\n<h3><strong>Kto jest administratorem Twoich danych osobowych?<\/strong><br \/>\nJustyna Wasiak Simple Solution Consulting z siedzib\u0105 &#8211; 96-300 \u017byrard\u00f3w ul. Gen. Augusta Emila Fieldorfa-Nila 68b<\/h3>\n<h3><strong>Jak mo\u017cesz si\u0119 z nami skontaktowa\u0107?<\/strong><br \/>\nTelefonicznie: 796 854 555;<br \/>\ne-mailem: biuro@e-ssc.pl;<br \/>\nlistownie: 96-300 \u017byrard\u00f3w ul. Gen. Augusta Emila Fieldorfa-Nila 68b.<\/h3>\n<h4><strong>Jakie masz prawa? Masz prawo do:<\/strong><br \/>\n\u2022 dost\u0119pu do Twoich danych osobowych;<br \/>\n\u2022 ich poprawiania;<br \/>\n\u2022 \u017c\u0105dania ich usuni\u0119cia;<br \/>\n\u2022 ograniczenia przetwarzania;<br \/>\n\u2022 wniesienia sprzeciwu co do przetwarzania Twoich danych osobowych.<\/h4>\n<h3><strong>Co zrobi\u0107 gdy uwa\u017casz, \u017ce przetwarzamy Twoje dane niezgodnie z wymogami prawnymi?<\/strong><br \/>\nMo\u017cesz wnie\u015b\u0107 skarg\u0119 do organu nadzorczego &#8211; Prezesa Urz\u0119du Ochrony Danych Osobowych.<\/h3>\n<h3><strong>Twoje dane przetwarzamy w celu:<\/strong><br \/>\n\u2022 zawarcia i wykonania umowy o udzia\u0142 w szkoleniu organizowanym przez Administratora;<br \/>\n\u2022 obs\u0142ugi ewentualnych reklamacji zwi\u0105zanych z przeprowadzonym szkoleniem;<br \/>\n\u2022 badania poziomu Twojej satysfakcji z przeprowadzonego szkolenia;<br \/>\n\u2022 dope\u0142nienia przez Administratora obowi\u0105zk\u00f3w formalno-podatkowych, wynikaj\u0105cych z umowy o udzia\u0142 w szkoleniu;<br \/>\n\u2022 marketingowym, polegaj\u0105cym na przekazywaniu informacji o us\u0142ugach oferowanych przez Administratora, samym Administratorze, promocjach, wydarzeniach promocyjnych, a na podstawie Twojej dodatkowej zgody r\u00f3wnie\u017c za pomoc\u0105 wiadomo\u015bci wysy\u0142anych na Tw\u00f3j adres e-mail lub poprzez kontakt telefoniczny.<\/h3>\n<h3><strong>Czy musisz podawa\u0107 nam swoje dane?<\/strong><br \/>\nPodanie danych jest dobrowolne, jednak\u017ce bez ich podania nie b\u0119dziesz m\u00f3g\u0142 zawrze\u0107 umowy o udzia\u0142 w szkoleniu i w nim uczestniczy\u0107.<\/h3>\n<h3><strong>Na jakiej podstawie prawnej przetwarzamy Twoje dane?<\/strong><br \/>\n\u2022 Art. 6 ust. 1 lit. f RODO, Naszym prawnie uzasadnionym interesem jest prowadzenie marketingu w\u0142asnych us\u0142ug oraz badanie opinii o \u015bwiadczonych us\u0142ugach;<br \/>\n\u2022 Je\u017celi wyrazisz zgod\u0119 na otrzymywanie komunikat\u00f3w marketingowych r\u00f3wnie\u017c na Tw\u00f3j adres e-mail i numer telefonu, to podstaw\u0105 prawn\u0105 b\u0119dzie tak\u017ce art. 10 ustawy o \u015bwiadczeniu us\u0142ug drog\u0105 elektroniczn\u0105 oraz art. 172 ustawy Prawo telekomunikacyjne;<\/h3>\n<h3><strong>Komu b\u0119dziemy przekazywa\u0107 Twoje dane?<\/strong><br \/>\n\u2022 Trenerom przeprowadzaj\u0105cym szkolenia w imieniu Administratora;<br \/>\n\u2022 Koordynatorom wspieraj\u0105cym organizacj\u0119 szkolenia w imieniu Administratora;<\/h3>\n<h3><strong>Jak d\u0142ugo b\u0119dziemy przetwarza\u0107 Twoje dane?<\/strong><br \/>\nPrzez czas:<br \/>\n\u2022 trwania um\u00f3w o udzia\u0142 w szkoleniu organizowanym przez Administratora, a po ich zako\u0144czeniu przez czas niezb\u0119dny na wykazanie ich prawid\u0142owego wykonania. Okres ten odpowiada d\u0142ugo\u015bci terminu przedawnienia roszcze\u0144;<br \/>\n\u2022 niezb\u0119dny na dope\u0142nienie przez Administratora obowi\u0105zk\u00f3w formalno-podatkowych wynikaj\u0105cych z zawartej umowy;<br \/>\n\u2022 prowadzenia dzia\u0142a\u0144 marketingowych przez nas albo do czasu wyra\u017cenia przez Ciebie sprzeciwu wobec dalszego przetwarzania danych w celach marketingowych, albo odwo\u0142ania zgody na wysy\u0142anie wiadomo\u015bci na Tw\u00f3j adres e-mail. Odwo\u0142anie przez Ciebie zgody nie wp\u0142ywa na zgodno\u015b\u0107 z prawem przetwarzania przed wycofaniem zgody.<\/h3>\n<h3><strong>Czy Twoje dane osobowe b\u0119d\u0105 przekazywane do kraj\u00f3w trzecich?<\/strong><br \/>\nNie.<\/h3>\n<h3><strong>Czy po przekazaniu nam danych mo\u017cesz sprzeciwi\u0107 si\u0119 ich przetwarzaniu?<\/strong><br \/>\nTak. Mo\u017cesz to zrobi\u0107 w dw\u00f3ch sytuacjach, gdy przetwarzamy Twoje dane:<br \/>\n1. na potrzeby marketingu bezpo\u015bredniego; takiego sprzeciwu nie musisz uzasadnia\u0107;<br \/>\n2. na podstawie innych naszych prawnie uzasadnionych interes\u00f3w; taki sprzeciw wymaga uzasadnienia Twoj\u0105 szczeg\u00f3ln\u0105 sytuacj\u0105<\/h3>\n<\/div>","protected":false},"excerpt":{"rendered":"<p>INFORMACJA O PRZETWARZANIU DANYCH OSOBOWYCH Kto jest administratorem Twoich danych<a href=\"https:\/\/e-ssc.pl\/?page_id=892\">Read More<i class=\"fa fa-long-arrow-right\" aria-hidden=\"true\"><\/i><\/a><\/p>\n","protected":false},"author":1,"featured_media":0,"parent":0,"menu_order":9,"comment_status":"closed","ping_status":"closed","template":"","meta":{"ngg_post_thumbnail":0,"footnotes":""},"class_list":["post-892","page","type-page","status-publish","hentry"],"_links":{"self":[{"href":"https:\/\/e-ssc.pl\/index.php?rest_route=\/wp\/v2\/pages\/892"}],"collection":[{"href":"https:\/\/e-ssc.pl\/index.php?rest_route=\/wp\/v2\/pages"}],"about":[{"href":"https:\/\/e-ssc.pl\/index.php?rest_route=\/wp\/v2\/types\/page"}],"author":[{"embeddable":true,"href":"https:\/\/e-ssc.pl\/index.php?rest_route=\/wp\/v2\/users\/1"}],"replies":[{"embeddable":true,"href":"https:\/\/e-ssc.pl\/index.php?rest_route=%2Fwp%2Fv2%2Fcomments&post=892"}],"version-history":[{"count":3,"href":"https:\/\/e-ssc.pl\/index.php?rest_route=\/wp\/v2\/pages\/892\/revisions"}],"predecessor-version":[{"id":1369,"href":"https:\/\/e-ssc.pl\/index.php?rest_route=\/wp\/v2\/pages\/892\/revisions\/1369"}],"wp:attachment":[{"href":"https:\/\/e-ssc.pl\/index.php?rest_route=%2Fwp%2Fv2%2Fmedia&parent=892"}],"curies":[{"name":"wp","href":"https:\/\/api.w.org\/{rel}","templated":true}]}}