{"id":70,"date":"2015-09-22T21:40:24","date_gmt":"2015-09-22T19:40:24","guid":{"rendered":"https:\/\/e-ssc.pl\/?page_id=70"},"modified":"2021-04-05T02:49:35","modified_gmt":"2021-04-05T00:49:35","slug":"szkolenia-pakietu-microsoft-office","status":"publish","type":"page","link":"https:\/\/e-ssc.pl\/?page_id=70","title":{"rendered":"SZKOLENIA MS OFFICE"},"content":{"rendered":"<div class=\"post-content\"><h3 style=\"text-align: center;\"><strong>Szkolenia w tym zakresie maj\u0105 na celu przygotowanie do samodzielnej pracy w podstawowych programach pakietu Office.<\/strong><br \/>\n<strong> W przyjazny i dost\u0119pny spos\u00f3b kursant uczy si\u0119 porusza\u0107 swobodnie w edytorze tekst\u00f3w Word i wykorzystywa\u0107 arkusz kalkulacyjny Excel, obs\u0142ugiwa\u0107 program do tworzenia prezentacji PowerPoint.<\/strong><\/h3>\n<h3 style=\"text-align: center;\"><span style=\"color: #ff0000;\"><strong>Uwaga! Tylko u nas!<\/strong><\/span><\/h3>\n<h3 style=\"text-align: center;\"><span style=\"color: #ff0000;\"><strong>W celu minimalizacji ryzyka zaka\u017cenia wirusem SARS-CoV-2 a tak\u017ce dostosowuj\u0105c si\u0119 do potrzeb Klienta realizujemy zaj\u0119cia indywidualne.&nbsp;<\/strong><strong>Termin szkolenia ustalany jest z osob\u0105 zainteresowan\u0105. Cena zaj\u0119\u0107 pozostaje bez zmian.&nbsp;<\/strong><\/span><\/h3>\n<h3 style=\"text-align: left;\"><strong>Aktualnie w naszej ofercie:<\/strong><\/h3>\n<h3 style=\"text-align: left;\"><strong>Word podstawowy<\/strong><br \/>\n<strong> Word zaawansowany<\/strong><br \/>\n<strong> Excel podstawowy<\/strong><br \/>\n<strong> Excel&nbsp;<\/strong><b>\u015brednio-zaawansowany<\/b><br \/>\n<strong> PowerPoint&#8230;<\/strong><\/h3>\n<h3 style=\"text-align: center;\"><strong>INFORMACJE DOTYCZ\u0104CE ZACHOWANIA RE\u017bIMU SANITARNEGO PODCZAS SZKOLE\u0143 STACJONARNYCH<\/strong><\/h3>\n<h3>Dbaj\u0105c o Pa\u0144stwa bezpiecze\u0144stwo podczas szkole\u0144 stacjonarnych organizowanych przez Simple Solution Consulting przygotowane zosta\u0142y nast\u0119puj\u0105ce rozwi\u0105zania w celu minimalizacji ryzyka zaka\u017cenia wirusem SARS-CoV-2:<\/h3>\n<ul>\n<li>\n<h3>Zapewniamy odleg\u0142o\u015bci na sali szkoleniowej wynosz\u0105ce min. 1,5 m mi\u0119dzy uczestnikami oraz prowadz\u0105cym szkolenie;<\/h3>\n<\/li>\n<li>\n<h3>Wszystkie pomieszczenia oraz sprz\u0119t u\u017cytkowane w ci\u0105gu dnia s\u0105 regularnie dezynfekowane,<\/h3>\n<\/li>\n<li>\n<h3>Obs\u0142uga b\u0119dzie u\u017cywa\u0107 jednorazowych r\u0119kawiczek oraz korzysta\u0107 z maseczek,<\/h3>\n<\/li>\n<li>\n<h3>Serwis kawowy oraz lunch jest podawany w naczyniach jednorazowych,<\/h3>\n<\/li>\n<li>\n<h3>Korzystanie z przerw kawowych jest nielimitowane oraz dost\u0119pne przez ca\u0142y czas szkolenia,<\/h3>\n<\/li>\n<li>\n<h3>Liczba miejsc przy stolikach jest przystosowana do obowi\u0105zuj\u0105cych zalece\u0144,<\/h3>\n<\/li>\n<li>\n<h3>Dozowniki z p\u0142ynami do dezynfekcji znajduj\u0105 si\u0119 w miejscach og\u00f3lnodost\u0119pnych,<\/h3>\n<\/li>\n<li>\n<h3>Regularna wymiana powietrza we wszystkich pomieszczeniach.<\/h3>\n<\/li>\n<\/ul>\n<h3>&nbsp;<\/h3>\n<\/div>","protected":false},"excerpt":{"rendered":"<p>Szkolenia w tym zakresie maj\u0105 na celu przygotowanie do samodzielnej<a href=\"https:\/\/e-ssc.pl\/?page_id=70\">Read More<i class=\"fa fa-long-arrow-right\" aria-hidden=\"true\"><\/i><\/a><\/p>\n","protected":false},"author":1,"featured_media":0,"parent":0,"menu_order":7,"comment_status":"closed","ping_status":"closed","template":"","meta":{"ngg_post_thumbnail":0,"footnotes":""},"class_list":["post-70","page","type-page","status-publish","hentry"],"_links":{"self":[{"href":"https:\/\/e-ssc.pl\/index.php?rest_route=\/wp\/v2\/pages\/70"}],"collection":[{"href":"https:\/\/e-ssc.pl\/index.php?rest_route=\/wp\/v2\/pages"}],"about":[{"href":"https:\/\/e-ssc.pl\/index.php?rest_route=\/wp\/v2\/types\/page"}],"author":[{"embeddable":true,"href":"https:\/\/e-ssc.pl\/index.php?rest_route=\/wp\/v2\/users\/1"}],"replies":[{"embeddable":true,"href":"https:\/\/e-ssc.pl\/index.php?rest_route=%2Fwp%2Fv2%2Fcomments&post=70"}],"version-history":[{"count":14,"href":"https:\/\/e-ssc.pl\/index.php?rest_route=\/wp\/v2\/pages\/70\/revisions"}],"predecessor-version":[{"id":1317,"href":"https:\/\/e-ssc.pl\/index.php?rest_route=\/wp\/v2\/pages\/70\/revisions\/1317"}],"wp:attachment":[{"href":"https:\/\/e-ssc.pl\/index.php?rest_route=%2Fwp%2Fv2%2Fmedia&parent=70"}],"curies":[{"name":"wp","href":"https:\/\/api.w.org\/{rel}","templated":true}]}}