{"id":419,"date":"2016-08-05T20:31:14","date_gmt":"2016-08-05T18:31:14","guid":{"rendered":"https:\/\/e-ssc.pl\/?page_id=419"},"modified":"2024-10-30T22:38:35","modified_gmt":"2024-10-30T20:38:35","slug":"szkolenie-planowanie-i-rozliczanie-czasu-pracy","status":"publish","type":"page","link":"https:\/\/e-ssc.pl\/?page_id=419","title":{"rendered":"Szkolenie Czas pracy w teorii i praktyce."},"content":{"rendered":"<div class=\"post-content\"><h3 style=\"text-align: center;\">Serdecznie zapraszamy na szkolenie Czas pracy w teorii i praktyce. Zasady gromadzenia i przechowywania dokument\u00f3w oraz wybrane, najistotniejsze zagadnienia z zakresu planowania i rozliczania czasu pracy. Szkolenie prowadzone jest w formie aktywnych warsztat\u00f3w poprzedzonych wyk\u0142adem, podczas kt\u00f3rego przedstawione zostan\u0105 przyk\u0142ady i interpretacje z omawianego zakresu.<\/h3>\n<h3 style=\"text-align: left;\">Najbli\u017cszy termin zaj\u0119\u0107 stacjonarnych: 24 stycznia 2025<\/h3>\n<h3>Miejsce kursu: \u017byrard\u00f3w<\/h3>\n<h3><strong>Koszt: 600 z\u0142 brutto od osoby&nbsp; i obejmuje:<\/strong><br \/>\n8 godzin zaj\u0119\u0107 dydaktycznych (w tym konsultacje indywidualne), materia\u0142y szkoleniowe, materia\u0142y do pracy (d\u0142ugopis, notes), kaw\u0119, herbat\u0119, ciastka.<\/h3>\n<h3><strong>Program zaj\u0119\u0107:<\/strong><\/h3>\n<h3><strong>1. Prawid\u0142owe gromadzenie dokument\u00f3w dotycz\u0105cych ewidencjonowania czasu pracy pracownika:<\/strong><br \/>\nca\u0142y komplet dokument\u00f3w tworzony i przechowywany w indywidualnym zbiorze przypisanym danemu pracownikowi,<br \/>\nrodzaje dokument\u00f3w gromadzonych w zwi\u0105zku z ewidencjonowaniem czasu pracy pracownika,<br \/>\nnowe informacje wskazywane w ewidencji czasu pracy pracownika,<br \/>\nzasady wydawania kopii dokument\u00f3w dotycz\u0105cych ewidencji czasu pracy,<br \/>\nczas i warunki przechowywania dokument\u00f3w dotycz\u0105cych ewidencji czasu pracy pracownik\u00f3w,<br \/>\nzasady post\u0119powania z listami obecno\u015bci oraz harmonogramami czasu pracy po zmianie przepis\u00f3w,<\/h3>\n<h3><strong>2. Wymiar czasu pracy i dodatek za prac\u0119 w porze nocnej w 2020 r.,<\/strong><\/h3>\n<h3><strong>3. Aktualna wyk\u0142adnia i orzecznictwo dotycz\u0105ce system\u00f3w czasu pracy oraz innych kwestii zwi\u0105zanych z czasem pracy,<\/strong><\/h3>\n<h3><strong>4. Zasady poprawnego opracowywania rozk\u0142ad\u00f3w (harmonogram\u00f3w) czasu pracy poszczeg\u00f3lnych pracownik\u00f3w, w tym problematyka ewentualnego nanoszenia poprawek na harmonogramy (wyk\u0142adnia MRPiPS oraz PIP),<\/strong><\/h3>\n<h3><strong>5. Zasady polecania pracy w godzinach nadliczbowych,<\/strong><\/h3>\n<h3><strong>6. Zasady rekompensowania pracownikom pracy w godzinach nadliczbowych dobowych, w szczeg\u00f3lno\u015bci:<\/strong><br \/>\nuprawnienie pracodawcy do wyboru formy rekompensaty (dodatek do wynagrodzenia czy czas wolny),<br \/>\npoprawne rekompensowanie pracy nadliczbowej dobowej czasem wolnym, w tym zasady przyjmowania od pracownik\u00f3w wniosk\u00f3w o czas wolny,<br \/>\nzasady rekompensowania pracy ponadwymiarowej pracownikom zatrudnionym na cz\u0119\u015b\u0107 etatu,<\/h3>\n<h3><strong>7. Rozliczanie pracy w niedziele, \u015bwi\u0119ta i inne dni wolne, w szczeg\u00f3lno\u015bci:<\/strong><br \/>\nzasady oddawania pracownikowi dnia wolnego w zamian za prac\u0119 w dniu pierwotnie wolnym,<br \/>\ntermin na oddanie dnia wolnego,<\/h3>\n<h3><strong>8. Skutki nieoddania pracownikowi dnia wolnego w zamian za prac\u0119 w dniu pierwotnie wolnym, w tym:<\/strong><br \/>\nobowi\u0105zek finansowej rekompensaty takiej pracy,<br \/>\nryzyko mandatu ze strony Pa\u0144stwowej Inspekcji Pracy w razie nieoddania dnia wolnego w zamian za prac\u0119 w dniu, kt\u00f3ry by\u0142 zaplanowany jako wolny z tytu\u0142u pracy w przeci\u0119tnie 5 dniowym tygodniu pracy,<\/h3>\n<h3><strong>9. Czas pracy kadry kierowniczej<\/strong><\/h3>\n<h3><strong>Dlaczego my?<\/strong><br \/>\n<strong>&#8211; Nasze zaj\u0119cia prowadz\u0105 wyk\u0142adowcy praktycy.<\/strong><br \/>\n<strong>&#8211; Dzi\u0119ki zaj\u0119ciom faktycznie podniesiesz swoje kwalifikacje i zdob\u0119dziesz nowe umiej\u0119tno\u015bci.<\/strong><br \/>\n<strong>&#8211; Otrzymasz kompleksowe materia\u0142y szkoleniowe, kt\u00f3re wykorzystasz w pracy zawodowej.<\/strong><br \/>\n<strong>&#8211; Wszystkie nasze szkolenia obj\u0119te s\u0105 15% dofinansowaniem ze \u015brodk\u00f3w unijnych!<\/strong><br \/>\n<strong>&#8211; Ka\u017cdy z uczestnik\u00f3w otrzymuje za\u015bwiadczenie o uko\u0144czeniu kursu zgodne z rozporz\u0105dzeniem Ministra Edukacji Narodowej z dnia 11 stycznia 2012 r. w sprawie kszta\u0142cenia ustawicznego w formach pozaszkolnych.<\/strong><br \/>\n<strong>&#8211; Po zaj\u0119ciach przez 30 dni otaczamy naszych kursant\u00f3w opiek\u0105 po szkoleniow\u0105, w trakcie kt\u00f3rej mo\u017cesz si\u0119 z nami skontaktowa\u0107 telefonicznie i mailowo.<\/strong><\/h3>\n<h3><strong>INFORMACJE ORGANIZACYJNE:<\/strong><\/h3>\n<h3>Rezerwacja wg kolejno\u015bci zg\u0142osze\u0144.&nbsp; Ilo\u015b\u0107 miejsc ograniczona. W celu zg\u0142oszenia udzia\u0142u w szkoleniu nale\u017cy wype\u0142ni\u0107 formularz zg\u0142oszeniowy i przes\u0142a\u0107 go mailem na adres biuro@e-ssc.pl. Formularz zg\u0142oszenia jest dost\u0119pny na stronie g\u0142\u00f3wnej www.e-ssc.pl w zak\u0142adce formularz zg\u0142oszeniowy. Po otrzymaniu zg\u0142oszenia ode\u015blemy Pa\u0144stwu potwierdzenie przyj\u0119cia rezerwacji. Dodatkowe informacje mo\u017cna uzyska\u0107 pod numerem telefonu 796&nbsp;854&nbsp;555<\/h3>\n<h3>*Organizator zastrzega sobie prawo do zmiany terminu szkolenia lub jego odwo\u0142ania oraz zmiany wyk\u0142adowcy z przyczyn od niego niezale\u017cnych.<\/h3>\n<h3><strong>Warunki rezygnacji:<\/strong><br \/>\nRezygnacj\u0119 przyjmujemy najp\u00f3\u017aniej na 7 dni przed szkoleniem w formie pisemnej. Rezygnacja w p\u00f3\u017aniejszym terminie wi\u0105\u017ce si\u0119 z konieczno\u015bci\u0105 pokrycia koszt\u00f3w w 100%. Nieobecno\u015b\u0107 na szkoleniu nie zwalnia z dokonania op\u0142aty.<\/h3>\n<h3><strong>O wyk\u0142adowcy<\/strong>: Do\u015bwiadczony wyk\u0142adowca, ekspert prawa pracy. Jest wysoko oceniana przez uczestnik\u00f3w zaj\u0119\u0107. Wszystkie szkolenia prowadzi wy\u0142\u0105cznie w formie warsztatowej, podczas kt\u00f3rych uczestnicy mog\u0105 na bie\u017c\u0105co uzyska\u0107 odpowiedzi na nurtuj\u0105ce ich pytania.<\/h3>\n<h3 style=\"text-align: center;\">&nbsp;<\/h3>\n<\/div>","protected":false},"excerpt":{"rendered":"<p>Serdecznie zapraszamy na szkolenie Czas pracy w teorii i praktyce.<a href=\"https:\/\/e-ssc.pl\/?page_id=419\">Read More<i class=\"fa fa-long-arrow-right\" aria-hidden=\"true\"><\/i><\/a><\/p>\n","protected":false},"author":1,"featured_media":0,"parent":1121,"menu_order":3,"comment_status":"closed","ping_status":"closed","template":"","meta":{"ngg_post_thumbnail":0,"footnotes":""},"class_list":["post-419","page","type-page","status-publish","hentry"],"_links":{"self":[{"href":"https:\/\/e-ssc.pl\/index.php?rest_route=\/wp\/v2\/pages\/419"}],"collection":[{"href":"https:\/\/e-ssc.pl\/index.php?rest_route=\/wp\/v2\/pages"}],"about":[{"href":"https:\/\/e-ssc.pl\/index.php?rest_route=\/wp\/v2\/types\/page"}],"author":[{"embeddable":true,"href":"https:\/\/e-ssc.pl\/index.php?rest_route=\/wp\/v2\/users\/1"}],"replies":[{"embeddable":true,"href":"https:\/\/e-ssc.pl\/index.php?rest_route=%2Fwp%2Fv2%2Fcomments&post=419"}],"version-history":[{"count":32,"href":"https:\/\/e-ssc.pl\/index.php?rest_route=\/wp\/v2\/pages\/419\/revisions"}],"predecessor-version":[{"id":1381,"href":"https:\/\/e-ssc.pl\/index.php?rest_route=\/wp\/v2\/pages\/419\/revisions\/1381"}],"up":[{"embeddable":true,"href":"https:\/\/e-ssc.pl\/index.php?rest_route=\/wp\/v2\/pages\/1121"}],"wp:attachment":[{"href":"https:\/\/e-ssc.pl\/index.php?rest_route=%2Fwp%2Fv2%2Fmedia&parent=419"}],"curies":[{"name":"wp","href":"https:\/\/api.w.org\/{rel}","templated":true}]}}

<div class="post-content"><h3 style="text-align: center;">Serdecznie zapraszamy na szkolenie Czas pracy w teorii i praktyce. Zasady gromadzenia i przechowywania dokumentów oraz wybrane, najistotniejsze zagadnienia z zakresu planowania i rozliczania czasu pracy. Szkolenie prowadzone jest w formie aktywnych warsztatów poprzedzonych wykładem, podczas którego przedstawione zostaną przykłady i interpretacje z omawianego zakresu.</h3>
<h3 style="text-align: left;">Najbliższy termin zajęć stacjonarnych: 24 stycznia 2025</h3>
<h3>Miejsce kursu: Żyrardów</h3>
<h3><strong>Koszt: 600 zł brutto od osoby&nbsp; i obejmuje:</strong><br />
8 godzin zajęć dydaktycznych (w tym konsultacje indywidualne), materiały szkoleniowe, materiały do pracy (długopis, notes), kawę, herbatę, ciastka.</h3>
<h3><strong>Program zajęć:</strong></h3>
<h3><strong>1. Prawidłowe gromadzenie dokumentów dotyczących ewidencjonowania czasu pracy pracownika:</strong><br />
cały komplet dokumentów tworzony i przechowywany w indywidualnym zbiorze przypisanym danemu pracownikowi,<br />
rodzaje dokumentów gromadzonych w związku z ewidencjonowaniem czasu pracy pracownika,<br />
nowe informacje wskazywane w ewidencji czasu pracy pracownika,<br />
zasady wydawania kopii dokumentów dotyczących ewidencji czasu pracy,<br />
czas i warunki przechowywania dokumentów dotyczących ewidencji czasu pracy pracowników,<br />
zasady postępowania z listami obecności oraz harmonogramami czasu pracy po zmianie przepisów,</h3>
<h3><strong>2. Wymiar czasu pracy i dodatek za pracę w porze nocnej w 2020 r.,</strong></h3>
<h3><strong>3. Aktualna wykładnia i orzecznictwo dotyczące systemów czasu pracy oraz innych kwestii związanych z czasem pracy,</strong></h3>
<h3><strong>4. Zasady poprawnego opracowywania rozkładów (harmonogramów) czasu pracy poszczególnych pracowników, w tym problematyka ewentualnego nanoszenia poprawek na harmonogramy (wykładnia MRPiPS oraz PIP),</strong></h3>
<h3><strong>5. Zasady polecania pracy w godzinach nadliczbowych,</strong></h3>
<h3><strong>6. Zasady rekompensowania pracownikom pracy w godzinach nadliczbowych dobowych, w szczególności:</strong><br />
uprawnienie pracodawcy do wyboru formy rekompensaty (dodatek do wynagrodzenia czy czas wolny),<br />
poprawne rekompensowanie pracy nadliczbowej dobowej czasem wolnym, w tym zasady przyjmowania od pracowników wniosków o czas wolny,<br />
zasady rekompensowania pracy ponadwymiarowej pracownikom zatrudnionym na część etatu,</h3>
<h3><strong>7. Rozliczanie pracy w niedziele, święta i inne dni wolne, w szczególności:</strong><br />
zasady oddawania pracownikowi dnia wolnego w zamian za pracę w dniu pierwotnie wolnym,<br />
termin na oddanie dnia wolnego,</h3>
<h3><strong>8. Skutki nieoddania pracownikowi dnia wolnego w zamian za pracę w dniu pierwotnie wolnym, w tym:</strong><br />
obowiązek finansowej rekompensaty takiej pracy,<br />
ryzyko mandatu ze strony Państwowej Inspekcji Pracy w razie nieoddania dnia wolnego w zamian za pracę w dniu, który był zaplanowany jako wolny z tytułu pracy w przeciętnie 5 dniowym tygodniu pracy,</h3>
<h3><strong>9. Czas pracy kadry kierowniczej</strong></h3>
<h3><strong>Dlaczego my?</strong><br />
<strong>&#8211; Nasze zajęcia prowadzą wykładowcy praktycy.</strong><br />
<strong>&#8211; Dzięki zajęciom faktycznie podniesiesz swoje kwalifikacje i zdobędziesz nowe umiejętności.</strong><br />
<strong>&#8211; Otrzymasz kompleksowe materiały szkoleniowe, które wykorzystasz w pracy zawodowej.</strong><br />
<strong>&#8211; Wszystkie nasze szkolenia objęte są 15% dofinansowaniem ze środków unijnych!</strong><br />
<strong>&#8211; Każdy z uczestników otrzymuje zaświadczenie o ukończeniu kursu zgodne z rozporządzeniem Ministra Edukacji Narodowej z dnia 11 stycznia 2012 r. w sprawie kształcenia ustawicznego w formach pozaszkolnych.</strong><br />
<strong>&#8211; Po zajęciach przez 30 dni otaczamy naszych kursantów opieką po szkoleniową, w trakcie której możesz się z nami skontaktować telefonicznie i mailowo.</strong></h3>
<h3><strong>INFORMACJE ORGANIZACYJNE:</strong></h3>
<h3>Rezerwacja wg kolejności zgłoszeń.&nbsp; Ilość miejsc ograniczona. W celu zgłoszenia udziału w szkoleniu należy wypełnić formularz zgłoszeniowy i przesłać go mailem na adres biuro@e-ssc.pl. Formularz zgłoszenia jest dostępny na stronie głównej www.e-ssc.pl w zakładce formularz zgłoszeniowy. Po otrzymaniu zgłoszenia odeślemy Państwu potwierdzenie przyjęcia rezerwacji. Dodatkowe informacje można uzyskać pod numerem telefonu 796&nbsp;854&nbsp;555</h3>
<h3>*Organizator zastrzega sobie prawo do zmiany terminu szkolenia lub jego odwołania oraz zmiany wykładowcy z przyczyn od niego niezależnych.</h3>
<h3><strong>Warunki rezygnacji:</strong><br />
Rezygnację przyjmujemy najpóźniej na 7 dni przed szkoleniem w formie pisemnej. Rezygnacja w późniejszym terminie wiąże się z koniecznością pokrycia kosztów w 100%. Nieobecność na szkoleniu nie zwalnia z dokonania opłaty.</h3>
<h3><strong>O wykładowcy</strong>: Doświadczony wykładowca, ekspert prawa pracy. Jest wysoko oceniana przez uczestników zajęć. Wszystkie szkolenia prowadzi wyłącznie w formie warsztatowej, podczas których uczestnicy mogą na bieżąco uzyskać odpowiedzi na nurtujące ich pytania.</h3>
<h3 style="text-align: center;">&nbsp;</h3>
</div>
