{"id":1121,"date":"2019-02-17T20:35:35","date_gmt":"2019-02-17T18:35:35","guid":{"rendered":"https:\/\/e-ssc.pl\/?page_id=1121"},"modified":"2024-10-30T22:31:03","modified_gmt":"2024-10-30T20:31:03","slug":"szkolenia","status":"publish","type":"page","link":"https:\/\/e-ssc.pl\/?page_id=1121","title":{"rendered":"SZKOLENIA KR\u00d3TKIE I DOSKONAL\u0104CE"},"content":{"rendered":"<div class=\"post-content\"><h3 style=\"text-align: center;\"><strong>Nasza propozycja szkoleniowa to szeroki zakres szkole\u0144 z tematyki prawa pracy, p\u0142ac, ubezpiecze\u0144 spo\u0142ecznych, ochrony danych osobowych.&nbsp; <\/strong><\/h3>\n<h3 style=\"text-align: center;\">&nbsp;<\/h3>\n<\/div>","protected":false},"excerpt":{"rendered":"<p>Nasza propozycja szkoleniowa to szeroki zakres szkole\u0144 z tematyki prawa<a href=\"https:\/\/e-ssc.pl\/?page_id=1121\">Read More<i class=\"fa fa-long-arrow-right\" aria-hidden=\"true\"><\/i><\/a><\/p>\n","protected":false},"author":1,"featured_media":0,"parent":0,"menu_order":2,"comment_status":"closed","ping_status":"closed","template":"","meta":{"ngg_post_thumbnail":0,"footnotes":""},"class_list":["post-1121","page","type-page","status-publish","hentry"],"_links":{"self":[{"href":"https:\/\/e-ssc.pl\/index.php?rest_route=\/wp\/v2\/pages\/1121"}],"collection":[{"href":"https:\/\/e-ssc.pl\/index.php?rest_route=\/wp\/v2\/pages"}],"about":[{"href":"https:\/\/e-ssc.pl\/index.php?rest_route=\/wp\/v2\/types\/page"}],"author":[{"embeddable":true,"href":"https:\/\/e-ssc.pl\/index.php?rest_route=\/wp\/v2\/users\/1"}],"replies":[{"embeddable":true,"href":"https:\/\/e-ssc.pl\/index.php?rest_route=%2Fwp%2Fv2%2Fcomments&post=1121"}],"version-history":[{"count":8,"href":"https:\/\/e-ssc.pl\/index.php?rest_route=\/wp\/v2\/pages\/1121\/revisions"}],"predecessor-version":[{"id":1373,"href":"https:\/\/e-ssc.pl\/index.php?rest_route=\/wp\/v2\/pages\/1121\/revisions\/1373"}],"wp:attachment":[{"href":"https:\/\/e-ssc.pl\/index.php?rest_route=%2Fwp%2Fv2%2Fmedia&parent=1121"}],"curies":[{"name":"wp","href":"https:\/\/api.w.org\/{rel}","templated":true}]}}