{"id":104,"date":"2015-10-27T20:18:33","date_gmt":"2015-10-27T18:18:33","guid":{"rendered":"https:\/\/e-ssc.pl\/?page_id=104"},"modified":"2022-05-26T01:53:49","modified_gmt":"2022-05-25T23:53:49","slug":"obsluga-pakietu-ms-office-od-podstaw","status":"publish","type":"page","link":"https:\/\/e-ssc.pl\/?page_id=104","title":{"rendered":"Szkolenie Word+Excel (poziom podstawowy)"},"content":{"rendered":"<div class=\"post-content\"><h3 style=\"text-align: center;\"><strong>Simple Solution Consulting zaprasza na szkolenia MS Office pakiet: Word+Excel (poziom podstawowy) dedykowane ka\u017cdemu, kto rozpoczyna prac\u0119 z pakietem MS Office. Na szkoleniu rozpoczynamy od edycji plik\u00f3w tekstowych w MS Word, a nast\u0119pnie wprowadzenie do sporz\u0105dzania oblicze\u0144, zestawie\u0144 i obs\u0142ugi skoroszyt\u00f3w w MS Excel. Wszystkie zagadnienia omawiane s\u0105 od podstaw i \u0107wiczone na wielu praktycznych przyk\u0142adach.<\/strong><\/h3>\n<h3 style=\"text-align: left;\"><strong>Terminy zaj\u0119\u0107:<\/strong><\/h3>\n<h3>Miejsce kursu: \u017byrard\u00f3w<\/h3>\n<h3><strong>Koszt: 1200 z\u0142 brutto od osoby (zwolnienie z podatku VAT)&nbsp; &nbsp;i obejmuje:<\/strong><br \/>\n16 godzin zaj\u0119\u0107 dydaktycznych (w tym konsultacje indywidualne), materia\u0142y szkoleniowe, materia\u0142y do pracy (d\u0142ugopis, notes), kaw\u0119, herbat\u0119, ciastka.<\/h3>\n<h3>Ka\u017cdy z uczestnik\u00f3w otrzymuje za\u015bwiadczenie o uko\u0144czeniu kursu zgodne z rozporz\u0105dzeniem Ministra Edukacji Narodowej z dnia 11 stycznia 2012 r. w sprawie kszta\u0142cenia ustawicznego w formach pozaszkolnych.<\/h3>\n<h3><strong>W programie m.in.:<\/strong><\/h3>\n<h3><strong>MS Word<\/strong><\/h3>\n<h3>Wprowadzenie do programu Microsoft Word.<\/h3>\n<h3>Interfejs programu Word. Tworzenie zawarto\u015bci.<\/h3>\n<h3>Tabele i listy<\/h3>\n<h3>Podstawowe formatowanie tekstu.<\/h3>\n<h3>Style w dokumencie.<\/h3>\n<h3>Modyfikacja uk\u0142adu dokumentu oraz ustawie\u0144 strony.<\/h3>\n<h3>Drukowanie.<\/h3>\n<h3>&nbsp;<\/h3>\n<h3><strong>MS Excel<\/strong><\/h3>\n<h3>Interfejs programu Excel. Wprowadzanie tre\u015bci<\/h3>\n<h3>Podstawowe operacje na kom\u00f3rkach i formatowanie<\/h3>\n<h3>Praca z arkuszami<\/h3>\n<h3>Formu\u0142y<\/h3>\n<h3>Formatowanie warunkowe (skala kolor\u00f3w).<\/h3>\n<h3>Nazywanie kom\u00f3rek i zakres\u00f3w.<\/h3>\n<h3>Sortowanie danych i filtry<\/h3>\n<h3>Sumy cz\u0119\u015bciowe \u2013 sumowanie danych po kategoriach.<\/h3>\n<h3>Podstawowa walidacja danych (wyb\u00f3r z list rozwijanych).<\/h3>\n<h3>\u015aledzenie zale\u017cno\u015bci.<\/h3>\n<h3>Praca z wykresami<\/h3>\n<h3>Drukowanie i jego opcje<\/h3>\n<h3>Zarz\u0105dzanie skoroszytami<\/h3>\n<h3>&nbsp;<\/h3>\n<h3><strong>INFORMACJE ORGANIZACYJNE:<\/strong><\/h3>\n<h3>Warunkiem rozpocz\u0119cia kursu jest przes\u0142anie zg\u0142oszenia oraz wp\u0142ata nale\u017cno\u015bci na konto. Formularz zg\u0142oszenia jest dost\u0119pny na stronie g\u0142\u00f3wnej www.e-ssc.pl w zak\u0142adce formularz zg\u0142oszeniowy.<\/h3>\n<h3><strong>O wyk\u0142adowcy: Do\u015bwiadczony wyk\u0142adowca. Specjalista w dziedzinie informatyki. Jest wysoko oceniany przez uczestnik\u00f3w zaj\u0119\u0107. Wszystkie kursy i szkolenia prowadzi niemal wy\u0142\u0105cznie w formie warsztatowej. Podczas zaj\u0119\u0107 uczestnicy mog\u0105 na bie\u017c\u0105co uzyska\u0107 odpowiedzi na nurtuj\u0105ce ich pytania.<\/strong><\/h3>\n<h3 style=\"text-align: center;\"><strong>Simple-Solution-Consulting<\/strong><\/h3>\n<h3 style=\"text-align: center;\"><strong>\u017byrard\u00f3w, ul. Izy Zieli\u0144skiej 13a I pi\u0119tro<\/strong><\/h3>\n<h3 style=\"text-align: center;\"><strong>tel. 796 854 555 mail: biuro@e-ssc.pl<\/strong><\/h3>\n<h3 style=\"text-align: center;\"><strong>Polub nas na Facebook \u2013 Simple Solution Consulting&nbsp;<\/strong><\/h3>\n<\/div>","protected":false},"excerpt":{"rendered":"<p>Simple Solution Consulting zaprasza na szkolenia MS Office pakiet: Word+Excel<a href=\"https:\/\/e-ssc.pl\/?page_id=104\">Read More<i class=\"fa fa-long-arrow-right\" aria-hidden=\"true\"><\/i><\/a><\/p>\n","protected":false},"author":1,"featured_media":0,"parent":70,"menu_order":1,"comment_status":"closed","ping_status":"closed","template":"","meta":{"ngg_post_thumbnail":0,"footnotes":""},"class_list":["post-104","page","type-page","status-publish","hentry"],"_links":{"self":[{"href":"https:\/\/e-ssc.pl\/index.php?rest_route=\/wp\/v2\/pages\/104"}],"collection":[{"href":"https:\/\/e-ssc.pl\/index.php?rest_route=\/wp\/v2\/pages"}],"about":[{"href":"https:\/\/e-ssc.pl\/index.php?rest_route=\/wp\/v2\/types\/page"}],"author":[{"embeddable":true,"href":"https:\/\/e-ssc.pl\/index.php?rest_route=\/wp\/v2\/users\/1"}],"replies":[{"embeddable":true,"href":"https:\/\/e-ssc.pl\/index.php?rest_route=%2Fwp%2Fv2%2Fcomments&post=104"}],"version-history":[{"count":20,"href":"https:\/\/e-ssc.pl\/index.php?rest_route=\/wp\/v2\/pages\/104\/revisions"}],"predecessor-version":[{"id":1359,"href":"https:\/\/e-ssc.pl\/index.php?rest_route=\/wp\/v2\/pages\/104\/revisions\/1359"}],"up":[{"embeddable":true,"href":"https:\/\/e-ssc.pl\/index.php?rest_route=\/wp\/v2\/pages\/70"}],"wp:attachment":[{"href":"https:\/\/e-ssc.pl\/index.php?rest_route=%2Fwp%2Fv2%2Fmedia&parent=104"}],"curies":[{"name":"wp","href":"https:\/\/api.w.org\/{rel}","templated":true}]}}